 are the prime factors of 25297?
41, 617
What are the prime factors of 5186?
2, 2593
What are the prime factors of 1593?
3, 59
List the prime factors of 6075.
3, 5
List the prime factors of 2121.
3, 7, 101
List the prime factors of 86527.
7, 47, 263
What are the prime factors of 75445?
5, 79, 191
List the prime factors of 25914.
2, 3, 7, 617
What are the prime factors of 1750?
2, 5, 7
List the prime factors of 6706.
2, 7, 479
What are the prime factors of 715?
5, 11, 13
What are the prime factors of 1138?
2, 569
List the prime factors of 1088.
2, 17
List the prime factors of 11573.
71, 163
List the prime factors of 24942.
2, 3, 4157
What are the prime factors of 47419?
47419
List the prime factors of 617.
617
List the prime factors of 2783.
11, 23
List the prime factors of 2612.
2, 653
List the prime factors of 591.
3, 197
List the prime factors of 43833.
3, 19, 769
What are the prime factors of 938?
2, 7, 67
What are the prime factors of 828?
2, 3, 23
What are the prime factors of 15173?
15173
List the prime factors of 767.
13, 59
What are the prime factors of 2843?
2843
List the prime factors of 5784.
2, 3, 241
List the prime factors of 1863.
3, 23
What are the prime factors of 8336?
2, 521
What are the prime factors of 803?
11, 73
List the prime factors of 1603.
7, 229
What are the prime factors of 16913?
13, 1301
List the prime factors of 15118.
2, 7559
What are the prime factors of 1459?
1459
List the prime factors of 26501.
26501
What are the prime factors of 3282?
2, 3, 547
List the prime factors of 10.
2, 5
What are the prime factors of 12129?
3, 13, 311
List the prime factors of 619.
619
What are the prime factors of 998?
2, 499
List the prime factors of 132547.
132547
List the prime factors of 19493.
101, 193
What are the prime factors of 993?
3, 331
What are the prime factors of 5032?
2, 17, 37
List the prime factors of 10319.
17, 607
List the prime factors of 15309.
3, 7
What are the prime factors of 1166?
2, 11, 53
What are the prime factors of 129?
3, 43
List the prime factors of 1533.
3, 7, 73
What are the prime factors of 134372?
2, 7, 4799
List the prime factors of 16452.
2, 3, 457
What are the prime factors of 51072?
2, 3, 7, 19
What are the prime factors of 22446?
2, 3, 29, 43
List the prime factors of 3306.
2, 3, 19, 29
List the prime factors of 3074.
2, 29, 53
What are the prime factors of 136829?
7, 11, 1777
What are the prime factors of 4096?
2
What are the prime factors of 434?
2, 7, 31
List the prime factors of 149.
149
What are the prime factors of 550?
2, 5, 11
What are the prime factors of 62279?
7, 31, 41
List the prime factors of 2597.
7, 53
What are the prime factors of 1446?
2, 3, 241
List the prime factors of 11670.
2, 3, 5, 389
What are the prime factors of 7264?
2, 227
What are the prime factors of 13746?
2, 3, 29, 79
List the prime factors of 1306.
2, 653
List the prime factors of 76898.
2, 38449
What are the prime factors of 9727?
71, 137
List the prime factors of 4511.
13, 347
What are the prime factors of 5312?
2, 83
What are the prime factors of 36988?
2, 7, 1321
What are the prime factors of 1233?
3, 137
List the prime factors of 2292.
2, 3, 191
List the prime factors of 9777.
3, 3259
What are the prime factors of 136?
2, 17
What are the prime factors of 1430?
2, 5, 11, 13
List the prime factors of 423.
3, 47
List the prime factors of 16585.
5, 31, 107
What are the prime factors of 63029?
63029
List the prime factors of 112791.
3, 7, 41, 131
What are the prime factors of 3644?
2, 911
List the prime factors of 1035.
3, 5, 23
What are the prime factors of 31365?
3, 5, 17, 41
List the prime factors of 1347.
3, 449
List the prime factors of 1256.
2, 157
What are the prime factors of 6247?
6247
What are the prime factors of 1194?
2, 3, 199
What are the prime factors of 27177?
3, 9059
What are the prime factors of 712?
2, 89
List the prime factors of 3658.
2, 31, 59
List the prime factors of 14165.
5, 2833
What are the prime factors of 3569?
43, 83
List the prime factors of 6070.
2, 5, 607
What are the prime factors of 105886?
2, 11, 4813
What are the prime factors of 2318?
2, 19, 61
What are the prime factors of 1507?
11, 137
What are the prime factors of 6351?
3, 29, 73
What are the prime factors of 116013?
3, 38671
What are the prime factors of 367?
367
List the prime factors of 3729.
3, 11, 113
What are the prime factors of 4398?
2, 3, 733
List the prime factors of 39758.
2, 103, 193
List the prime factors of 29989.
29989
What are the prime factors of 9125?
5, 73
What are the prime factors of 3088?
2, 193
What are the prime factors of 801?
3, 89
List the prime factors of 637.
7, 13
What are the prime factors of 1413?
3, 157
List the prime factors of 3546.
2, 3, 197
What are the prime factors of 5058?
2, 3, 281
What are the prime factors of 3913?
7, 13, 43
List the prime factors of 1371.
3, 457
List the prime factors of 79.
79
List the prime factors of 80847.
3, 13, 691
List the prime factors of 1645.
5, 7, 47
What are the prime factors of 63017?
29, 41, 53
What are the prime factors of 1493?
1493
List the prime factors of 30422.
2, 7, 41, 53
List the prime factors of 2033.
19, 107
What are the prime factors of 1351?
7, 193
List the prime factors of 330.
2, 3, 5, 11
List the prime factors of 40620.
2, 3, 5, 677
List the prime factors of 34500.
2, 3, 5, 23
What are the prime factors of 3649?
41, 89
List the prime factors of 38521.
7, 5503
What are the prime factors of 6956?
2, 37, 47
What are the prime factors of 377?
13, 29
What are the prime factors of 24841?
24841
What are the prime factors of 692?
2, 173
List the prime factors of 696.
2, 3, 29
What are the prime factors of 109616?
2, 13, 17, 31
List the prime factors of 1484.
2, 7, 53
What are the prime factors of 100366?
2, 7, 67, 107
List the prime factors of 56723.
131, 433
List the prime factors of 667.
23, 29
List the prime factors of 42965.
5, 13, 661
What are the prime factors of 44072?
2, 7, 787
List the prime factors of 4896.
2, 3, 17
List the prime factors of 33911.
33911
What are the prime factors of 78665?
5, 15733
What are the prime factors of 1537?
29, 53
List the prime factors of 1198.
2, 599
What are the prime factors of 1978?
2, 23, 43
What are the prime factors of 109189?
137, 797
List the prime factors of 1024.
2
List the prime factors of 10515.
3, 5, 701
What are the prime factors of 1680?
2, 3, 5, 7
What are the prime factors of 925?
5, 37
List the prime factors of 90338.
2, 17, 2657
List the prime factors of 182.
2, 7, 13
List the prime factors of 7209.
3, 89
What are the prime factors of 6205?
5, 17, 73
What are the prime factors of 1662?
2, 3, 277
What are the prime factors of 16187?
16187
What are the prime factors of 3511?
3511
What are the prime factors of 398?
2, 199
What are the prime factors of 5107?
5107
List the prime factors of 86968.
2, 7, 1553
List the prime factors of 31751.
31751
What are the prime factors of 78461?
31, 2531
List the prime factors of 26683.
26683
List the prime factors of 3613.
3613
List the prime factors of 2890.
2, 5, 17
List the prime factors of 1371.
3, 457
What are the prime factors of 4348?
2, 1087
What are the prime factors of 9060?
2, 3, 5, 151
List the prime factors of 34478.
2, 17239
What are the prime factors of 8589?
3, 7, 409
What are the prime factors of 1453?
1453
List the prime factors of 106608.
2, 3, 2221
List the prime factors of 25487.
7, 11, 331
What are the prime factors of 72069?
3, 24023
List the prime factors of 45705.
3, 5, 11, 277
What are the prime factors of 1471?
1471
What are the prime factors of 115353?
3, 7, 1831
List the prime factors of 5260.
2, 5, 263
What are the prime factors of 30157?
53, 569
List the prime factors of 27051.
3, 71, 127
List the prime factors of 55319.
11, 47, 107
What are the prime factors of 45?
3, 5
What are the prime factors of 3404?
2, 23, 37
What are the prime factors of 6144?
2, 3
List the prime factors of 312.
2, 3, 13
List the prime factors of 3099.
3, 1033
List the prime factors of 9117.
3, 1013
List the prime factors of 1527.
3, 509
What are the prime factors of 1105?
5, 13, 17
What are the prime factors of 65718?
2, 3, 1217
List the prime factors of 75170.
2, 5, 7517
What are the prime factors of 55855?
5, 11171
List the prime fa